 1)*2*4. Let g be -5*8*6/n. Suppose 16*j - g*j - 3764 = 0. Is j a prime number?
True
Let l = -7338 + 12461. Is l a composite number?
True
Let i(t) = 19*t**2 - 4*t + 13 - t - 18*t**2. Let j be i(6). Suppose -j*n - 993 = -22*n. Is n a composite number?
False
Let m(g) = 67 + 215*g**2 - 182*g**2 + 3*g**3 - 21*g - g**3. Is m(18) prime?
False
Let k(m) = 19*m**3 - 13*m**2 + 7*m + 20. Let d(y) = -18*y**3 + 11*y**2 - 7*y - 19. Let j(l) = 7*d(l) + 6*k(l). Is j(-10) prime?
False
Let k(g) = -787*g - 7860. Is k(-77) prime?
False
Suppose 0 = -r + 4, 5*r - 2167 = -2*h + 38507. Is h prime?
True
Let k = -99886 + 221055. Is k composite?
False
Suppose 0 = -5*o + 4*w - 29, -2*o - 14 + 7 = 3*w. Let u(a) = -259*a - 28. Let p be u(o). Suppose p = 9*q - 38. Is q prime?
False
Let s(x) = 19518*x**2 + 124*x - 489. Is s(4) a composite number?
True
Suppose -440308 = -3*f + q, 4*f + 5*q - 373021 = 214088. Is f prime?
False
Let k(c) = c**3 + c**2 - 10*c - 213. Is k(34) a composite number?
True
Is (142/(-5))/((-159029)/(-1129765) - (-1)/(-7)) a prime number?
False
Let u = 58173 - -51764. Is u a composite number?
False
Let c = 132 - 126. Suppose 12*w - 5322 = c*w. Is w a composite number?
False
Let a = 250 - 235. Let z(x) = 124*x + 41. Is z(a) a prime number?
True
Suppose 53*x + 4*u = 52*x + 13609, 0 = -3*x + 4*u + 40843. Is x composite?
False
Suppose 4*b + s = 418, 0*s = 3*b + s - 313. Let z be (-24)/(-9)*b/14. Is -502*(-3 + z/8) prime?
True
Let z be ((-2)/(-10))/((-15)/(-75)). Let t(d) = 17333*d**2 - 3*d + 5. Is t(z) a prime number?
False
Suppose -12*i + 8*i = -2*b + 7918, -3*i = 9. Is b prime?
False
Suppose 5*c + 3*t = 270895, 0 = 3*c - 589*t + 586*t - 162561. Is c prime?
False
Is ((-936)/27)/(-8) + 8/(-6) + 504544 prime?
True
Is ((-29)/2*6)/((-1500)/2699500) prime?
False
Suppose 0*c + 81 = -z + 2*c, 3*z - 4*c + 243 = 0. Let m = z - -85. Suppose 2*s - 2739 = -3*x - 8, m*x - 2*s - 3618 = 0. Is x a composite number?
False
Is (-99)/(-132) + 401890/8 composite?
True
Let c = -56 + -66. Let i = -10 - c. Is (i - 0/(12/4)) + 3 a composite number?
True
Suppose -6*a + 3*a - k = 1231, -3*a + 2*k - 1219 = 0. Let d = a + 726. Is d prime?
True
Let c(f) = -f**3 - 37*f**2 - 3*f - 112. Let g be c(-37). Is (g - (-95234)/8) + 3/(-12) a prime number?
True
Let z(r) = -10*r + 98. Let i be z(7). Is 14077/i + 3/12 prime?
True
Suppose -357*z - 76*z - 62074 = -1469757. Is z a prime number?
True
Let r = 7 + -5. Let j(v) = 14*v**2 + 27 + 23*v**2 + v**r + 91*v**2 + 7*v. Is j(-7) composite?
False
Let t be 20/16 - (-9)/12. Suppose -t*s + 16678 = 5*w, 0 = s - 0*w - 2*w - 8339. Is s prime?
False
Let k(m) = -7*m + 28. Let s(o) = 15*o - 57. Let n(a) = 14*k(a) + 6*s(a). Let g be n(6). Suppose -70 = -g*t + 16. Is t composite?
False
Suppose -38*t + 130 = -39*t. Let j = t - -5901. Is j prime?
False
Suppose -18170 + 219203 = 9*x. Is x composite?
True
Let z(s) = 751*s + 597. Is z(26) composite?
False
Let w(i) = 8*i + 396403. Is w(0) a prime number?
False
Let k(p) = -47953*p - 39. Is k(-1) prime?
False
Suppose 5*n - 80065 = -5*u - 20480, 0 = -2*n + 2*u + 23814. Suppose -55 - n = -3*k. Is k prime?
True
Suppose -h + 37431 = -4*c, 3*h - c - 68724 - 43646 = 0. Is h composite?
True
Suppose 4*y - 267655 - 6575 = -3*u, -u = -3*y + 205679. Suppose -1067*b = -1064*b - y. Is b a prime number?
True
Let t(r) be the first derivative of -173*r**2/2 - 52*r + 39. Is t(-10) composite?
True
Let o be (-1 + 5 + -4)/(-4 - -6). Suppose -8*d + 14584 = -o*d. Is d composite?
False
Let s = -43858 - -102125. Is s composite?
True
Let p(c) = 418*c - 249. Let g(t) = t. Let z(j) = 4*g(j) - p(j). Is z(-5) a prime number?
False
Suppose 0 = -4*a + 2*p + 26, 5*a - 37 = 12*p - 8*p. Suppose -2*z - 2*z - a*x + 338 = 0, 2*x = 3*z - 265. Is z a composite number?
True
Let d = -57 - -59. Let r(x) = 1 + d*x + 2 + 462*x**2 - x + x. Is r(-2) prime?
True
Let n(l) = 53*l + 57 + 71*l + 18. Is n(4) a prime number?
True
Let b be ((-53)/(-2))/((-4)/(-288)). Let x = -1066 + b. Suppose 0 = 13*w - x - 315. Is w a composite number?
False
Let s(y) = -y**2 + 16*y + 2. Let k be s(16). Let d be (-1)/(-4) - ((-10293)/12 - k). Let f = 1605 - d. Is f composite?
True
Let n = 39298 + -19485. Is n composite?
False
Let z(j) = 2701*j**2 - 27*j + 115. Is z(-9) prime?
False
Suppose -28*n + 39 = -27*n. Let b be (13/n)/((-1)/(-9)). Suppose 0 = b*i + 9*i - 7572. Is i composite?
False
Suppose -5*m + 11065 = 5*g, 5*g - 2*m = -3*m + 11069. Suppose -21*i + 3*y = -16*i - 2767, 0 = -4*i + 2*y + g. Is i a composite number?
True
Let c = 1844 - -11491. Suppose 9917 = 4*n - c. Is n composite?
False
Suppose 6*n + 12742 - 34588 = 0. Is n prime?
False
Let r(h) = 4114*h**2 + 124*h**3 - 4122*h**2 + 1 - h - 42*h**3 + 5. Is r(7) prime?
True
Suppose -l - 19696 = -2*q - q, 3*l = 15. Let f = q - 3965. Is f a composite number?
True
Is ((-11)/(-11) + 738)/1 composite?
False
Let u(n) = -n**3 - 27*n**2 + 29*n + 892. Is u(-39) prime?
True
Let z be 4*((-51)/4 + 1). Let u = 38 + z. Let r(n) = -102*n + 61. Is r(u) prime?
False
Let u(w) = w**3 + w**2 - 1. Let b(k) = -k**3 + 15*k**2 + 11*k + 8. Let j = -16 + 17. Let l(y) = j*b(y) + 2*u(y). Is l(-7) prime?
True
Suppose -108*k - 103757 = -m - 106*k, 0 = -4*m - 4*k + 415100. Is m prime?
True
Let f be 21142 + 4 - 3/6*6. Is f/2*4/2 prime?
True
Suppose 11*m - 10 = 6*m. Let b be 66/14 + (-4)/(-14). Suppose -m*f - 2139 = -b*f. Is f a prime number?
False
Let a = -494 - -396. Is (-102615)/(-7) + 28/a prime?
False
Let o(i) = 13*i**2 + 13*i - 40. Let a be o(5). Suppose -y = 3*b - 211, 3*y + b - 291 - a = 0. Is y a prime number?
False
Is (1 + 16/(-10))/((14 + 1)/(-860025)) composite?
True
Let p(g) = g**3 - g**2 - 141*g + 17. Is p(36) composite?
True
Is (11948 - -11) + -2*(3 + -2) a prime number?
False
Suppose 11*y = 10*y - 4*c + 24, -10 = -5*c. Suppose 2*s - 22403 = -y*r + 11*r, 0 = 2*r + 5*s - 8957. Is r a prime number?
True
Let t(c) = 155*c**2 + 2*c - 5. Let s be t(4). Let r be 3*-2 + (-1)/((-1)/6). Suppose r = -v + 14*v - s. Is v composite?
False
Let b(z) = 28*z**3 + 26*z**2 - 43*z - 124. Is b(17) composite?
False
Let x be ((-2)/2 + 0)/(32/(-46624)). Suppose 2*t + x - 3951 = 0. Is t composite?
True
Suppose 309751 + 186766 = 22*c - 15*c. Is c prime?
False
Let z(x) = -2*x**3 + 23*x**2 - 5*x - 5. Let u be z(10). Suppose -v + 134 = -u. Is v prime?
True
Let g be 4/14 - (1172/(-14))/1. Let m be (20/(-8) - -3)/((-1)/g). Is (-1*165)/(-1)*(-14)/m a prime number?
False
Is -4*(2 - (-162)/(-84)) - 7544808/(-42) a composite number?
True
Suppose -15*u = -11*u + 3*u - 381661. Is u a prime number?
False
Let p(u) = 3785*u - 3313. Is p(115) a prime number?
False
Suppose -31*k + 74238 = -8377. Let u = 942 + k. Is u a composite number?
False
Let z be 4/((-24)/15) - (-15586)/4. Is 14/((-84)/z)*(-1)/1 prime?
False
Suppose 22*i + 1058 - 71920 = 0. Is i a prime number?
True
Suppose 39100530 = 52*z - 42*z. Is z/1139 + (-2)/51*-3 prime?
True
Suppose 14*d + 5179 = -1737. Let s be (-2 + -1)/((-6)/(-584)). Let c = s - d. Is c a composite number?
True
Let o be (-512)/(-28) + (-2)/7. Let y(l) = -l + 24. Let f be y(o). Is (-1 - -266) + 3*f/9 composite?
True
Suppose 25*p + 2486 - 31711 = 0. Suppose p = 3*u - 2176. Is u composite?
True
Let i be 1 - (3 - 1 - 4). Suppose -d = -y + 294 + 143, i*d = y - 427. Suppose 5*k - 1030 = -5*u, -k = -3*k + 4*u + y. Is k a prime number?
True
Let a = 14036 - 4356. Let p = a + -6639. Is p composite?
False
Suppose -a = 4*a - 5*h - 1785, -2*h = 2*a - 714. Suppose 6*p + a = 1029. Is (1 + p)*(9 - 2) composite?
True
Let s be (-53)/(-2) - 10/((-20)/(-3)). Suppose 6*q - s = -1. Suppose -5*f - q*v + 235 = -276, -2*f + v + 207 = 0. Is f prime?
True
Suppose 29*n - 43043 = -270606. Let g = n + 13360. Is g a composite number?
True
Let x = -122545 - -184716. Is x composite?
False
Is (34/(-17))/(3898720/17544564 - 6/27) a prime number?
True
Let a(k) = 3*k**3 - 83*k**2 - 29*k + 28. Let j be a(28). Suppose -2*x + 1648 = -t + 2*t, 0 = t - 3*x - 1633. Suppose -4*z - t + 4334 = j. Is z composite?
False
Suppose 311*r + 2862626 = 337*r. Is r prime?
False
Let f be (-4)/14 - 342/(-21). Suppose -f*o - 8 = -20*o. Is o/((-7)/((-27545)/10)) a prime number?
True
Let k(t) = -8*t**2. Let f be k(1). Let i(u) = -4*u + 63. Let v be i(30). Is (-1444)/v*(-474)/f composite?
True
Suppose -352*p - 59910087